?
8
Calculate the greatest common factor of 935 and 561.
187
What is the greatest common divisor of 54 and 12582?
54
Calculate the highest common factor of 14 and 840.
14
What is the highest common divisor of 261 and 2436?
87
What is the greatest common factor of 32 and 164?
4
Calculate the greatest common factor of 6 and 213.
3
What is the highest common factor of 7763 and 7?
7
What is the greatest common divisor of 35 and 84?
7
Calculate the highest common divisor of 1168 and 32.
16
What is the highest common divisor of 7020 and 364?
52
Calculate the highest common divisor of 88 and 168.
8
What is the highest common factor of 154 and 22?
22
Calculate the greatest common factor of 16 and 128.
16
What is the highest common divisor of 28 and 2492?
28
What is the greatest common factor of 267 and 3?
3
Calculate the greatest common divisor of 69 and 15387.
69
Calculate the highest common factor of 52 and 312.
52
Calculate the highest common factor of 11 and 341.
11
What is the highest common factor of 1348 and 4?
4
What is the greatest common factor of 243 and 1350?
27
Calculate the greatest common factor of 6 and 141.
3
Calculate the highest common divisor of 75 and 200.
25
What is the greatest common factor of 873 and 9?
9
Calculate the greatest common divisor of 23536 and 16.
16
What is the greatest common divisor of 27623 and 23?
23
Calculate the greatest common divisor of 1557 and 18.
9
Calculate the highest common divisor of 265 and 5.
5
Calculate the highest common divisor of 36 and 198.
18
What is the greatest common divisor of 137 and 10001?
137
Calculate the highest common divisor of 600 and 1680.
120
What is the highest common factor of 810 and 20?
10
What is the greatest common factor of 135 and 45?
45
Calculate the highest common factor of 21 and 2247.
21
Calculate the highest common factor of 79 and 1343.
79
Calculate the highest common factor of 72 and 63.
9
What is the greatest common factor of 1309 and 238?
119
Calculate the highest common factor of 1010 and 404.
202
What is the highest common factor of 5947 and 209?
19
Calculate the highest common divisor of 2047 and 23.
23
What is the greatest common factor of 64 and 12048?
16
What is the highest common divisor of 2442 and 66?
66
Calculate the greatest common factor of 13 and 390.
13
What is the highest common factor of 840 and 5670?
210
Calculate the highest common divisor of 143161 and 239.
239
What is the highest common factor of 99 and 5786?
11
Calculate the highest common divisor of 200 and 8825.
25
What is the greatest common factor of 14 and 50?
2
Calculate the highest common factor of 351 and 312.
39
What is the highest common factor of 675 and 15?
15
Calculate the greatest common factor of 2 and 4418.
2
Calculate the highest common divisor of 525 and 21.
21
Calculate the highest common divisor of 42 and 140.
14
What is the highest common divisor of 190 and 152?
38
What is the greatest common divisor of 23595 and 143?
143
Calculate the greatest common divisor of 1984 and 2666.
62
What is the greatest common divisor of 29 and 11194?
29
What is the greatest common factor of 249 and 166?
83
What is the highest common factor of 20 and 940?
20
What is the highest common factor of 253 and 69?
23
What is the highest common factor of 244 and 61?
61
Calculate the greatest common factor of 41 and 2829.
41
What is the highest common divisor of 54 and 10?
2
What is the greatest common divisor of 1984 and 31?
31
What is the greatest common divisor of 3000 and 440?
40
What is the highest common divisor of 7 and 56?
7
What is the highest common divisor of 40 and 568?
8
What is the greatest common factor of 134 and 194?
2
Calculate the highest common factor of 2185 and 285.
95
What is the highest common divisor of 5690 and 10?
10
Calculate the highest common factor of 207 and 69.
69
What is the greatest common divisor of 119 and 459?
17
Calculate the greatest common factor of 126 and 234.
18
What is the highest common divisor of 14 and 21?
7
Calculate the highest common divisor of 24 and 1184.
8
Calculate the greatest common factor of 22 and 605.
11
Calculate the highest common factor of 403 and 31.
31
Calculate the highest common divisor of 10 and 155.
5
What is the greatest common factor of 1232 and 4?
4
Calculate the greatest common divisor of 32 and 176.
16
What is the highest common factor of 100 and 80?
20
What is the greatest common factor of 16 and 208?
16
Calculate the highest common factor of 133 and 6821.
19
Calculate the highest common divisor of 153 and 34.
17
What is the greatest common divisor of 688 and 4?
4
What is the greatest common factor of 10 and 14?
2
What is the greatest common factor of 174 and 6351?
87
Calculate the greatest common divisor of 112 and 4016.
16
What is the highest common factor of 24 and 90?
6
Calculate the highest common divisor of 70 and 98.
14
Calculate the greatest common factor of 480 and 37200.
240
Calculate the highest common divisor of 171 and 117.
9
Calculate the greatest common factor of 80 and 7430.
10
What is the highest common factor of 11 and 2563?
11
What is the greatest common factor of 19388 and 296?
148
What is the greatest common divisor of 36 and 720?
36
Calculate the highest common divisor of 11770 and 440.
110
What is the highest common divisor of 192 and 12?
12
Calculate the highest common factor of 25 and 200.
25
What is the greatest common factor of 1368 and 304?
152
What is the highest common divisor of 11332 and 12?
4
Calculate the greatest common factor of 992 and 64.
32
Calculate the highest common divisor of 18 and 36.
18
What is the greatest common factor of 1881 and 243?
9
Calculate the greatest common divisor of 112 and 32.
16
Calculate the greatest common factor of 621 and 6.
3
What is the greatest common factor of 1808 and 16?
16
What is the highest common factor of 3200 and 4?
4
Calculate the greatest common divisor of 120 and 48.
24
Calculate the highest common divisor of 10846 and 306.
34
What is the greatest common divisor of 96 and 1452?
12
What is the greatest common divisor of 24 and 4308?
12
Calculate the greatest common factor of 15 and 215.
5
What is the greatest common divisor of 4 and 74?
2
Calculate the greatest common factor of 28 and 3346.
14
Calculate the greatest common factor of 42 and 224.
14
Calculate the greatest common divisor of 9 and 720.
9
What is the highest common divisor of 118 and 6?
2
Calculate the greatest common factor of 70 and 2590.
70
Calculate the greatest common factor of 19296 and 36.
36
Calculate the greatest common factor of 155 and 5.
5
What is the greatest common factor of 13175 and 255?
85
What is the highest common factor of 6 and 222?
6
Calculate the greatest common divisor of 279 and 1152.
9
Calculate the greatest common factor of 438 and 54.
6
What is the highest common factor of 53742 and 6?
6
Calculate the greatest common factor of 5198 and 138.
46
Calculate the highest common factor of 30 and 20.
10
What is the greatest common divisor of 8275 and 25?
25
What is the highest common factor of 14 and 14?
14
What is the highest common divisor of 47 and 2867?
47
Calculate the highest common divisor of 24 and 72.
24
What is the greatest common factor of 465 and 15?
15
What is the highest common factor of 430 and 258?
86
What is the greatest common factor of 11 and 5753?
11
Calculate the greatest common factor of 5 and 143.
1
What is the highest common factor of 24 and 420?
12
Calculate the highest common factor of 242 and 264.
22
What is the highest common divisor of 1065 and 17395?
355
What is the highest common divisor of 143 and 39?
13
Calculate the highest common divisor of 158 and 395.
79
Calculate the highest common divisor of 13 and 6773.
13
Calculate the greatest common factor of 346 and 1.
1
What is the highest common divisor of 2 and 10988?
2
What is the highest common divisor of 2 and 17?
1
What is the greatest common factor of 658 and 188?
94
Calculate the highest common divisor of 880 and 80.
80
What is the greatest common divisor of 2 and 63?
1
What is the greatest common factor of 91 and 143?
13
Calculate the greatest common factor of 1014 and 12.
6
Calculate the highest common divisor of 75 and 45.
15
Calculate the highest common factor of 48 and 1